 of h and 949?
13
Let i be (-26)/(-6) - 26/(-39). Suppose -32 = 4*j + i*x - 151, -4*x = -2*j + 40. What is the highest common divisor of j and 26?
26
Let g(b) = 2*b**3 + 17*b**2 + 9*b + 11. Let l be g(-8). Suppose 17 = l*s + 5. Calculate the greatest common divisor of s and 4.
4
Let g be 26026/39 - 18 - (-2)/(-6). What is the greatest common factor of g and 118?
59
Let h be 441/12 - (-1)/4. Let i be (-12)/(-39) + (-280612)/(-949). What is the highest common factor of h and i?
37
Let y(d) = -18*d + 2. Let f be y(-1). Calculate the highest common factor of f and 220.
20
Let b = 31 + -18. Let v = 601 + -588. Calculate the greatest common factor of v and b.
13
Let f be 38/(-6) - -6 - 235/(-3). Calculate the highest common divisor of 24 and f.
6
Let d = -397 + 591. Suppose 0 = -3*x + 4*x + 5*n + d, -4*n + 16 = 0. Let r = -82 - x. What is the greatest common factor of r and 12?
12
Let h(b) = -b**3 - 3*b**2 + 7*b - 1. Let g be h(-5). Suppose k - 3*k = 5*p - 137, -2*k + 4*p + 92 = 0. Calculate the greatest common divisor of g and k.
14
Suppose 0 = 2*r + 32 + 104. Let i be (2 - r)*2/5. Let g be -1*9*i/(-4). Calculate the highest common divisor of 9 and g.
9
Let k(a) = -3*a**2 + 7*a - a**3 + 17 - 4 - 3 - 2*a. Let j = 1 - 8. Let x be k(j). Calculate the highest common factor of x and 19.
19
Let u(v) = v**3 + 8*v**2 + 10*v + 45. Let m be u(-7). Let p be -30*(-2 - (-2 + 2)). What is the highest common factor of p and m?
12
Let z = 40 - 196. Let d = z + 110. Let a be 4 + -4 + 2 - d. What is the highest common divisor of a and 16?
16
Suppose 3*k + 107 = 4*m, 2*m = 5*m - 2*k - 80. Calculate the highest common divisor of 182 and m.
26
Let d = 24 + 26. Let y = d + -118. Let p = 213 + y. What is the highest common factor of p and 29?
29
Let x be (-26 - -28)/(-1 + (-372)/(-370)). What is the highest common factor of x and 10?
10
Let r be 3*8/(-6) + 199. What is the greatest common factor of 10 and r?
5
Suppose 3*y + 286 = 3*u - 236, -2*u + 4*y + 358 = 0. Calculate the greatest common divisor of 13 and u.
13
Let d = -1 + 6. Suppose 10*h = d*h + 15. Let g = -42 - -45. What is the greatest common factor of h and g?
3
Let x = 1035 - 583. Suppose x = z - 3*z. Let w = z + 369. What is the highest common factor of w and 13?
13
Let u(c) = -48*c - 12. Let y be u(-1). Calculate the highest common factor of y and 288.
36
Let x(w) = w**3 + 71*w**2 + 104*w - 66. Let r be x(-69). What is the highest common factor of 24 and r?
24
Let y be ((-188)/235)/(2/(-30)). What is the greatest common factor of y and 184?
4
Let m = -128 - -133. Calculate the greatest common divisor of m and 55.
5
Suppose 2*b - 6*b = 0. Suppose b*q - 15 = -4*q - 5*f, -4*q = 3*f - 9. Suppose t - 80 = -q*t. What is the highest common factor of 10 and t?
10
Let f be 32/(-128) + (-84)/(-16). Calculate the greatest common divisor of 1835 and f.
5
Let a = 82 + -60. Calculate the greatest common factor of a and 242.
22
Let w be 4*1/((-6)/21). Let z = -11 - w. Suppose -z*c + 0*c = -18. Calculate the greatest common factor of c and 12.
6
Suppose -3*t - 9 = -3*y, 5*t - 2 = 3*t. Suppose y*j - 3 = 77. What is the greatest common divisor of j and 20?
20
Suppose 35 = 13*u - 108. Calculate the greatest common divisor of u and 495.
11
Let n be 2/(-6) + (-974)/(-6). Let f(h) = 6*h - 120. Let q be f(23). Calculate the highest common divisor of n and q.
18
Suppose -3*f - f - 2*a = -214, -248 = -5*f + 4*a. Suppose u - f = -3*u. Calculate the highest common divisor of u and 65.
13
Suppose 0 = a + 3*f - 6, -3*a + 28 = -5*f - 18. Let m = -4 - -7. What is the greatest common divisor of m and a?
3
Let l(q) = -2*q - 80. Let p be l(-44). Calculate the highest common factor of p and 44.
4
Let u(c) = 28*c - 79. Let y be u(3). Let t be 1 + 5/(15/132). What is the highest common factor of y and t?
5
Let y(z) = -16 - z - 5*z + 3*z + 5*z. Let r be y(9). Suppose r + 0 = 2*h. Calculate the greatest common divisor of 9 and h.
1
Suppose 0 = 4*f - d - 77, 32 = 5*f - 3*d - 59. Let u(q) = -q**3 + 24*q**2 + 54*q - 47. Let y be u(26). What is the highest common factor of f and y?
5
Let a(n) = 10*n**2 - 3*n - 4. Let f be a(3). Suppose -y = 2, -8*m + 7*m + 2*y + 15 = 0. Calculate the highest common factor of f and m.
11
Suppose i = 9*i + 567 - 807. Let z(f) = -2*f**2 - 6*f - 6. Let p be z(-6). Let s be 5*5/((-5)/p). What is the highest common factor of s and i?
30
Let a be -30*((-4)/5)/(-2). Let m = -2 - a. Let u be (4/m)/(1/55). What is the greatest common factor of u and 2?
2
Suppose 0*q - 115 = -2*s - 5*q, -250 = -5*s - 5*q. What is the greatest common factor of s and 195?
15
Let v(s) = 10*s - 45. Let x be v(5). Suppose 17 = -0*h + h + x*c, -2*c = 6. What is the highest common divisor of h and 24?
8
Let k be (4/(-10))/((-3)/360). Suppose 0 = -3*j - 12, 2*r + 2*j = -0*r + 56. Calculate the highest common factor of k and r.
16
Suppose 2*n + 10 = -3*n. Let x be n/(1180/588 - 2). Let f be 8/(-12) - x/9. What is the highest common factor of 48 and f?
16
Let n(u) = u**3 - 3*u**2 - 2*u - 6. Let b be n(4). Suppose -7 + b = o. Let s be o*(1*-6 + 4). Calculate the highest common divisor of 4 and s.
2
Suppose 12*t = 2*b + 436, -b = -4*t + 2*t + 74. Calculate the highest common divisor of 441 and t.
9
Suppose -136 = -2*u + 72. Let m = -77 + u. Calculate the highest common divisor of 3 and m.
3
Suppose -3*b + 3*r = -63, 4*b - 3*r - 26 = 60. What is the highest common divisor of b and 184?
23
Let n be 1/(12/(-16))*-3. Calculate the greatest common divisor of n and 116.
4
Suppose -12 = 2*x + 4. Let u be ((-2)/x)/(5/20). Suppose -3*v + u + 17 = 0. What is the greatest common factor of v and 48?
6
Suppose -6*f - 12*f + 666 = 0. Suppose 8*w - 13*w + 555 = 0. Calculate the greatest common divisor of w and f.
37
Let b be 5/2*24/2. Let v = 2382 - 2376. Calculate the greatest common factor of b and v.
6
Let c be (-60)/(-105) + 0 + (-3562)/(-14). What is the greatest common factor of c and 170?
85
Let w(y) = -23*y + 2. Let r(s) = -11*s + 1. Let q(b) = 7*r(b) - 3*w(b). Let k be q(-1). Calculate the greatest common divisor of k and 81.
9
Let z be 2/(((-6)/2)/(-6)). Suppose -4*r = -x - z, 2*x + 5*r - 46 = -2. Calculate the highest common factor of x and 132.
12
Let x be (-5 - -2)/1*(-66)/18. What is the greatest common divisor of 143 and x?
11
Let a be (-4)/24 - 139/(-6). Let i be (-1380)/(-8)*(-16)/(-20). What is the highest common factor of i and a?
23
Suppose -60 = 12*a - 18*a. Calculate the highest common divisor of a and 40.
10
Suppose 0 = 3*r - u - 75, 5*r + u - 136 = -u. Suppose -r = -5*h + x + 58, 32 = h - 4*x. What is the greatest common factor of h and 32?
16
Suppose 0 = 22*h - 74*h + 8008. Calculate the highest common factor of h and 121.
11
Suppose -6*s + 125 = -s. Let q = s + -10. Calculate the greatest common factor of 10 and q.
5
Suppose 0 = 3*q + l - 30, -2*q + 11 = 4*l + 1. Calculate the highest common factor of 132 and q.
11
Let a be 250/(-15)*(-18)/15. Suppose 4*h - 29 = -w, -3*h = -w - 0 - a. What is the highest common divisor of 56 and h?
7
Let b = -348 - -673. Calculate the greatest common factor of 125 and b.
25
Let x = -22 + 129. Suppose 3*y - x = -35. Let c be (6/9)/(-1)*(0 + -24). What is the greatest common divisor of c and y?
8
Suppose -2*i - 4*b = -0*i - 60, 15 = 3*b. What is the greatest common divisor of i and 96?
4
Let i(q) = q**2 - 7*q + 4. Let v be i(7). Suppose -36 = k - v*k. Suppose 34 = 4*s + 2. Calculate the highest common factor of k and s.
4
Suppose d - 3*k = 15, -k + 2*k = 4*d - 60. Let q = 19 - d. Suppose q*j - 1048 + 80 = 0. What is the highest common factor of 22 and j?
22
Suppose -m + 7 = m + 3*v, 2*m = -5*v + 5. Suppose -5*t = m*o - 380, o - 388 = -4*o - 3*t. Suppose 3*p = -p + o. What is the greatest common factor of 20 and p?
20
Let s(u) = u**3 - 6*u**2 - 13*u + 10. Let r be s(9). Calculate the highest common divisor of 85 and r.
17
Suppose -4*t + 203 - 67 = 0. Let b = t - 31. What is the highest common factor of 24 and b?
3
Let a(w) = 6*w - 16. Let r(j) = -j**2 + 9*j - 9. Let p be r(8). Let g = 4 - p. Let m be a(g). Calculate the highest common factor of m and 21.
7
Let m = -327 + 489. Calculate the highest common divisor of m and 6.
6
Let r be (2/(-3))/(6/(-45)). Let o(i) = 11*i - 43. Let u be o(r). What is the highest